{"id":2039,"date":"2024-12-09T12:55:17","date_gmt":"2024-12-09T12:55:17","guid":{"rendered":"https:\/\/villelarochelle.com\/movel\/armoire\/"},"modified":"2024-12-12T16:45:45","modified_gmt":"2024-12-12T16:45:45","slug":"armoire","status":"publish","type":"movel","link":"https:\/\/villelarochelle.com\/fr\/movel\/armoire\/","title":{"rendered":"Armoire"},"content":{"rendered":"","protected":false},"excerpt":{"rendered":"","protected":false},"author":2,"featured_media":1753,"menu_order":0,"template":"","format":"standard","meta":{"footnotes":""},"categories":[55],"tags":[],"wp_pattern_category":[],"class_list":["post-2039","movel","type-movel","status-publish","format-standard","has-post-thumbnail","hentry","category-armoires"],"yoast_head":"<!-- This site is optimized with the Yoast SEO Premium plugin v24.3 (Yoast SEO v25.5) - https:\/\/yoast.com\/wordpress\/plugins\/seo\/ -->\n<title>Armoire - Ville La Rochelle - Espace d&#039;\u00c9v\u00e9nements<\/title>\n<meta name=\"robots\" content=\"index, follow, max-snippet:-1, max-image-preview:large, max-video-preview:-1\" \/>\n<link rel=\"canonical\" href=\"https:\/\/villelarochelle.com\/movel\/armario\/\" \/>\n<meta property=\"og:locale\" content=\"fr_FR\" \/>\n<meta property=\"og:type\" content=\"article\" \/>\n<meta property=\"og:title\" content=\"Armoire\" \/>\n<meta property=\"og:url\" content=\"https:\/\/villelarochelle.com\/movel\/armario\/\" \/>\n<meta property=\"og:site_name\" content=\"Ville La Rochelle - Espace d&#039;\u00c9v\u00e9nements\" \/>\n<meta property=\"article:modified_time\" content=\"2024-12-12T16:45:45+00:00\" \/>\n<meta property=\"og:image\" content=\"https:\/\/villelarochelle.com\/wp-content\/uploads\/2024\/12\/VilleLaRochelle-Mobilia-008.jpg\" \/>\n\t<meta property=\"og:image:width\" content=\"2048\" \/>\n\t<meta property=\"og:image:height\" content=\"1367\" \/>\n\t<meta property=\"og:image:type\" content=\"image\/jpeg\" \/>\n<meta name=\"twitter:card\" content=\"summary_large_image\" \/>\n<script type=\"application\/ld+json\" class=\"yoast-schema-graph\">{\"@context\":\"https:\/\/schema.org\",\"@graph\":[{\"@type\":\"WebPage\",\"@id\":\"https:\/\/villelarochelle.com\/movel\/armario\/\",\"url\":\"https:\/\/villelarochelle.com\/movel\/armario\/\",\"name\":\"Armoire - Ville La Rochelle - Espace d'\u00c9v\u00e9nements\",\"isPartOf\":{\"@id\":\"https:\/\/villelarochelle.com\/#website\"},\"primaryImageOfPage\":{\"@id\":\"https:\/\/villelarochelle.com\/movel\/armario\/#primaryimage\"},\"image\":{\"@id\":\"https:\/\/villelarochelle.com\/movel\/armario\/#primaryimage\"},\"thumbnailUrl\":\"https:\/\/villelarochelle.com\/wp-content\/uploads\/2024\/12\/VilleLaRochelle-Mobilia-008.jpg\",\"datePublished\":\"2024-12-09T12:55:17+00:00\",\"dateModified\":\"2024-12-12T16:45:45+00:00\",\"breadcrumb\":{\"@id\":\"https:\/\/villelarochelle.com\/movel\/armario\/#breadcrumb\"},\"inLanguage\":\"fr-FR\",\"potentialAction\":[{\"@type\":\"ReadAction\",\"target\":[\"https:\/\/villelarochelle.com\/movel\/armario\/\"]}]},{\"@type\":\"ImageObject\",\"inLanguage\":\"fr-FR\",\"@id\":\"https:\/\/villelarochelle.com\/movel\/armario\/#primaryimage\",\"url\":\"https:\/\/villelarochelle.com\/wp-content\/uploads\/2024\/12\/VilleLaRochelle-Mobilia-008.jpg\",\"contentUrl\":\"https:\/\/villelarochelle.com\/wp-content\/uploads\/2024\/12\/VilleLaRochelle-Mobilia-008.jpg\",\"width\":2048,\"height\":1367,\"caption\":\"ville-la-rochelle-seiva-fotografia\"},{\"@type\":\"BreadcrumbList\",\"@id\":\"https:\/\/villelarochelle.com\/movel\/armario\/#breadcrumb\",\"itemListElement\":[{\"@type\":\"ListItem\",\"position\":1,\"name\":\"In\u00edcio\",\"item\":\"https:\/\/villelarochelle.com\/fr\/\"},{\"@type\":\"ListItem\",\"position\":2,\"name\":\"M\u00f3veis\",\"item\":\"https:\/\/villelarochelle.com\/fr\/movel\/\"},{\"@type\":\"ListItem\",\"position\":3,\"name\":\"Armoire\"}]},{\"@type\":\"WebSite\",\"@id\":\"https:\/\/villelarochelle.com\/#website\",\"url\":\"https:\/\/villelarochelle.com\/\",\"name\":\"Ville La Rochelle - Espace d'\u00c9v\u00e9nements\",\"description\":\"Un espace \u00e9v\u00e9nementiel unique dans la campagne de S\u00e3o Paulo, alliant l'\u00e9l\u00e9gance et le charme des villages europ\u00e9ens \u00e0 la beaut\u00e9 naturelle et \u00e0 la simplicit\u00e9 de la campagne.\",\"potentialAction\":[{\"@type\":\"SearchAction\",\"target\":{\"@type\":\"EntryPoint\",\"urlTemplate\":\"https:\/\/villelarochelle.com\/?s={search_term_string}\"},\"query-input\":{\"@type\":\"PropertyValueSpecification\",\"valueRequired\":true,\"valueName\":\"search_term_string\"}}],\"inLanguage\":\"fr-FR\"}]}<\/script>\n<!-- \/ Yoast SEO Premium plugin. -->","yoast_head_json":{"title":"Armoire - Ville La Rochelle - Espace d'\u00c9v\u00e9nements","robots":{"index":"index","follow":"follow","max-snippet":"max-snippet:-1","max-image-preview":"max-image-preview:large","max-video-preview":"max-video-preview:-1"},"canonical":"https:\/\/villelarochelle.com\/movel\/armario\/","og_locale":"fr_FR","og_type":"article","og_title":"Armoire","og_url":"https:\/\/villelarochelle.com\/movel\/armario\/","og_site_name":"Ville La Rochelle - Espace d'\u00c9v\u00e9nements","article_modified_time":"2024-12-12T16:45:45+00:00","og_image":[{"width":2048,"height":1367,"url":"https:\/\/villelarochelle.com\/wp-content\/uploads\/2024\/12\/VilleLaRochelle-Mobilia-008.jpg","type":"image\/jpeg"}],"twitter_card":"summary_large_image","schema":{"@context":"https:\/\/schema.org","@graph":[{"@type":"WebPage","@id":"https:\/\/villelarochelle.com\/movel\/armario\/","url":"https:\/\/villelarochelle.com\/movel\/armario\/","name":"Armoire - Ville La Rochelle - Espace d'\u00c9v\u00e9nements","isPartOf":{"@id":"https:\/\/villelarochelle.com\/#website"},"primaryImageOfPage":{"@id":"https:\/\/villelarochelle.com\/movel\/armario\/#primaryimage"},"image":{"@id":"https:\/\/villelarochelle.com\/movel\/armario\/#primaryimage"},"thumbnailUrl":"https:\/\/villelarochelle.com\/wp-content\/uploads\/2024\/12\/VilleLaRochelle-Mobilia-008.jpg","datePublished":"2024-12-09T12:55:17+00:00","dateModified":"2024-12-12T16:45:45+00:00","breadcrumb":{"@id":"https:\/\/villelarochelle.com\/movel\/armario\/#breadcrumb"},"inLanguage":"fr-FR","potentialAction":[{"@type":"ReadAction","target":["https:\/\/villelarochelle.com\/movel\/armario\/"]}]},{"@type":"ImageObject","inLanguage":"fr-FR","@id":"https:\/\/villelarochelle.com\/movel\/armario\/#primaryimage","url":"https:\/\/villelarochelle.com\/wp-content\/uploads\/2024\/12\/VilleLaRochelle-Mobilia-008.jpg","contentUrl":"https:\/\/villelarochelle.com\/wp-content\/uploads\/2024\/12\/VilleLaRochelle-Mobilia-008.jpg","width":2048,"height":1367,"caption":"ville-la-rochelle-seiva-fotografia"},{"@type":"BreadcrumbList","@id":"https:\/\/villelarochelle.com\/movel\/armario\/#breadcrumb","itemListElement":[{"@type":"ListItem","position":1,"name":"In\u00edcio","item":"https:\/\/villelarochelle.com\/fr\/"},{"@type":"ListItem","position":2,"name":"M\u00f3veis","item":"https:\/\/villelarochelle.com\/fr\/movel\/"},{"@type":"ListItem","position":3,"name":"Armoire"}]},{"@type":"WebSite","@id":"https:\/\/villelarochelle.com\/#website","url":"https:\/\/villelarochelle.com\/","name":"Ville La Rochelle - Espace d'\u00c9v\u00e9nements","description":"Un espace \u00e9v\u00e9nementiel unique dans la campagne de S\u00e3o Paulo, alliant l'\u00e9l\u00e9gance et le charme des villages europ\u00e9ens \u00e0 la beaut\u00e9 naturelle et \u00e0 la simplicit\u00e9 de la campagne.","potentialAction":[{"@type":"SearchAction","target":{"@type":"EntryPoint","urlTemplate":"https:\/\/villelarochelle.com\/?s={search_term_string}"},"query-input":{"@type":"PropertyValueSpecification","valueRequired":true,"valueName":"search_term_string"}}],"inLanguage":"fr-FR"}]}},"_links":{"self":[{"href":"https:\/\/villelarochelle.com\/fr\/wp-json\/wp\/v2\/movel\/2039","targetHints":{"allow":["GET"]}}],"collection":[{"href":"https:\/\/villelarochelle.com\/fr\/wp-json\/wp\/v2\/movel"}],"about":[{"href":"https:\/\/villelarochelle.com\/fr\/wp-json\/wp\/v2\/types\/movel"}],"author":[{"embeddable":true,"href":"https:\/\/villelarochelle.com\/fr\/wp-json\/wp\/v2\/users\/2"}],"version-history":[{"count":1,"href":"https:\/\/villelarochelle.com\/fr\/wp-json\/wp\/v2\/movel\/2039\/revisions"}],"predecessor-version":[{"id":2336,"href":"https:\/\/villelarochelle.com\/fr\/wp-json\/wp\/v2\/movel\/2039\/revisions\/2336"}],"wp:featuredmedia":[{"embeddable":true,"href":"https:\/\/villelarochelle.com\/fr\/wp-json\/wp\/v2\/media\/1753"}],"wp:attachment":[{"href":"https:\/\/villelarochelle.com\/fr\/wp-json\/wp\/v2\/media?parent=2039"}],"wp:term":[{"taxonomy":"category","embeddable":true,"href":"https:\/\/villelarochelle.com\/fr\/wp-json\/wp\/v2\/categories?post=2039"},{"taxonomy":"post_tag","embeddable":true,"href":"https:\/\/villelarochelle.com\/fr\/wp-json\/wp\/v2\/tags?post=2039"},{"taxonomy":"wp_pattern_category","embeddable":true,"href":"https:\/\/villelarochelle.com\/fr\/wp-json\/wp\/v2\/wp_pattern_category?post=2039"}],"curies":[{"name":"wp","href":"https:\/\/api.w.org\/{rel}","templated":true}]}}

<!-- This site is optimized with the Yoast SEO Premium plugin v24.3 (Yoast SEO v25.5) - https://yoast.com/wordpress/plugins/seo/ -->
<title>Armoire - Ville La Rochelle - Espace d&#039;Événements</title>
<meta name="robots" content="index, follow, max-snippet:-1, max-image-preview:large, max-video-preview:-1" />
<link rel="canonical" href="https://villelarochelle.com/movel/armario/" />
<meta property="og:locale" content="fr_FR" />
<meta property="og:type" content="article" />
<meta property="og:title" content="Armoire" />
<meta property="og:url" content="https://villelarochelle.com/movel/armario/" />
<meta property="og:site_name" content="Ville La Rochelle - Espace d&#039;Événements" />
<meta property="article:modified_time" content="2024-12-12T16:45:45+00:00" />
<meta property="og:image" content="https://villelarochelle.com/wp-content/uploads/2024/12/VilleLaRochelle-Mobilia-008.jpg" />
	<meta property="og:image:width" content="2048" />
	<meta property="og:image:height" content="1367" />
	<meta property="og:image:type" content="image/jpeg" />
<meta name="twitter:card" content="summary_large_image" />
<script type="application/ld+json" class="yoast-schema-graph">{"@context":"https://schema.org","@graph":[{"@type":"WebPage","@id":"https://villelarochelle.com/movel/armario/","url":"https://villelarochelle.com/movel/armario/","name":"Armoire - Ville La Rochelle - Espace d'Événements","isPartOf":{"@id":"https://villelarochelle.com/#website"},"primaryImageOfPage":{"@id":"https://villelarochelle.com/movel/armario/#primaryimage"},"image":{"@id":"https://villelarochelle.com/movel/armario/#primaryimage"},"thumbnailUrl":"https://villelarochelle.com/wp-content/uploads/2024/12/VilleLaRochelle-Mobilia-008.jpg","datePublished":"2024-12-09T12:55:17+00:00","dateModified":"2024-12-12T16:45:45+00:00","breadcrumb":{"@id":"https://villelarochelle.com/movel/armario/#breadcrumb"},"inLanguage":"fr-FR","potentialAction":[{"@type":"ReadAction","target":["https://villelarochelle.com/movel/armario/"]}]},{"@type":"ImageObject","inLanguage":"fr-FR","@id":"https://villelarochelle.com/movel/armario/#primaryimage","url":"https://villelarochelle.com/wp-content/uploads/2024/12/VilleLaRochelle-Mobilia-008.jpg","contentUrl":"https://villelarochelle.com/wp-content/uploads/2024/12/VilleLaRochelle-Mobilia-008.jpg","width":2048,"height":1367,"caption":"ville-la-rochelle-seiva-fotografia"},{"@type":"BreadcrumbList","@id":"https://villelarochelle.com/movel/armario/#breadcrumb","itemListElement":[{"@type":"ListItem","position":1,"name":"Início","item":"https://villelarochelle.com/fr/"},{"@type":"ListItem","position":2,"name":"Móveis","item":"https://villelarochelle.com/fr/movel/"},{"@type":"ListItem","position":3,"name":"Armoire"}]},{"@type":"WebSite","@id":"https://villelarochelle.com/#website","url":"https://villelarochelle.com/","name":"Ville La Rochelle - Espace d'Événements","description":"Un espace événementiel unique dans la campagne de São Paulo, alliant l'élégance et le charme des villages européens à la beauté naturelle et à la simplicité de la campagne.","potentialAction":[{"@type":"SearchAction","target":{"@type":"EntryPoint","urlTemplate":"https://villelarochelle.com/?s={search_term_string}"},"query-input":{"@type":"PropertyValueSpecification","valueRequired":true,"valueName":"search_term_string"}}],"inLanguage":"fr-FR"}]}</script>
<!-- / Yoast SEO Premium plugin. -->

Armoire - Ville La Rochelle - Espace d'Événements

Ville La Rochelle - Espace d'Événements

Início

Móveis

Un espace événementiel unique dans la campagne de São Paulo, alliant l'élégance et le charme des villages européens à la beauté naturelle et à la simplicité de la campagne.
