{"id":1979,"date":"2024-12-09T12:42:56","date_gmt":"2024-12-09T12:42:56","guid":{"rendered":"https:\/\/villelarochelle.com\/movel\/chaise-paris\/"},"modified":"2024-12-12T16:46:38","modified_gmt":"2024-12-12T16:46:38","slug":"chaise-paris","status":"publish","type":"movel","link":"https:\/\/villelarochelle.com\/fr\/movel\/chaise-paris\/","title":{"rendered":"Chaise Paris"},"content":{"rendered":"","protected":false},"excerpt":{"rendered":"","protected":false},"author":2,"featured_media":1612,"menu_order":0,"template":"","format":"standard","meta":{"footnotes":""},"categories":[49],"tags":[],"wp_pattern_category":[],"class_list":["post-1979","movel","type-movel","status-publish","format-standard","has-post-thumbnail","hentry","category-chaises"],"yoast_head":"<!-- This site is optimized with the Yoast SEO Premium plugin v24.3 (Yoast SEO v25.5) - https:\/\/yoast.com\/wordpress\/plugins\/seo\/ -->\n<title>Chaise Paris - Ville La Rochelle - Espace d&#039;\u00c9v\u00e9nements<\/title>\n<meta name=\"robots\" content=\"index, follow, max-snippet:-1, max-image-preview:large, max-video-preview:-1\" \/>\n<link rel=\"canonical\" href=\"https:\/\/villelarochelle.com\/movel\/cadeira-paris\/\" \/>\n<meta property=\"og:locale\" content=\"fr_FR\" \/>\n<meta property=\"og:type\" content=\"article\" \/>\n<meta property=\"og:title\" content=\"Chaise Paris\" \/>\n<meta property=\"og:url\" content=\"https:\/\/villelarochelle.com\/movel\/cadeira-paris\/\" \/>\n<meta property=\"og:site_name\" content=\"Ville La Rochelle - Espace d&#039;\u00c9v\u00e9nements\" \/>\n<meta property=\"article:modified_time\" content=\"2024-12-12T16:46:38+00:00\" \/>\n<meta property=\"og:image\" content=\"https:\/\/villelarochelle.com\/wp-content\/uploads\/2024\/12\/Captura-de-ecra-2021-05-26-as-16.42.50.png\" \/>\n\t<meta property=\"og:image:width\" content=\"453\" \/>\n\t<meta property=\"og:image:height\" content=\"606\" \/>\n\t<meta property=\"og:image:type\" content=\"image\/png\" \/>\n<meta name=\"twitter:card\" content=\"summary_large_image\" \/>\n<script type=\"application\/ld+json\" class=\"yoast-schema-graph\">{\"@context\":\"https:\/\/schema.org\",\"@graph\":[{\"@type\":\"WebPage\",\"@id\":\"https:\/\/villelarochelle.com\/movel\/cadeira-paris\/\",\"url\":\"https:\/\/villelarochelle.com\/movel\/cadeira-paris\/\",\"name\":\"Chaise Paris - Ville La Rochelle - Espace d'\u00c9v\u00e9nements\",\"isPartOf\":{\"@id\":\"https:\/\/villelarochelle.com\/#website\"},\"primaryImageOfPage\":{\"@id\":\"https:\/\/villelarochelle.com\/movel\/cadeira-paris\/#primaryimage\"},\"image\":{\"@id\":\"https:\/\/villelarochelle.com\/movel\/cadeira-paris\/#primaryimage\"},\"thumbnailUrl\":\"https:\/\/villelarochelle.com\/wp-content\/uploads\/2024\/12\/Captura-de-ecra-2021-05-26-as-16.42.50.png\",\"datePublished\":\"2024-12-09T12:42:56+00:00\",\"dateModified\":\"2024-12-12T16:46:38+00:00\",\"breadcrumb\":{\"@id\":\"https:\/\/villelarochelle.com\/movel\/cadeira-paris\/#breadcrumb\"},\"inLanguage\":\"fr-FR\",\"potentialAction\":[{\"@type\":\"ReadAction\",\"target\":[\"https:\/\/villelarochelle.com\/movel\/cadeira-paris\/\"]}]},{\"@type\":\"ImageObject\",\"inLanguage\":\"fr-FR\",\"@id\":\"https:\/\/villelarochelle.com\/movel\/cadeira-paris\/#primaryimage\",\"url\":\"https:\/\/villelarochelle.com\/wp-content\/uploads\/2024\/12\/Captura-de-ecra-2021-05-26-as-16.42.50.png\",\"contentUrl\":\"https:\/\/villelarochelle.com\/wp-content\/uploads\/2024\/12\/Captura-de-ecra-2021-05-26-as-16.42.50.png\",\"width\":453,\"height\":606},{\"@type\":\"BreadcrumbList\",\"@id\":\"https:\/\/villelarochelle.com\/movel\/cadeira-paris\/#breadcrumb\",\"itemListElement\":[{\"@type\":\"ListItem\",\"position\":1,\"name\":\"In\u00edcio\",\"item\":\"https:\/\/villelarochelle.com\/fr\/\"},{\"@type\":\"ListItem\",\"position\":2,\"name\":\"M\u00f3veis\",\"item\":\"https:\/\/villelarochelle.com\/fr\/movel\/\"},{\"@type\":\"ListItem\",\"position\":3,\"name\":\"Chaise Paris\"}]},{\"@type\":\"WebSite\",\"@id\":\"https:\/\/villelarochelle.com\/#website\",\"url\":\"https:\/\/villelarochelle.com\/\",\"name\":\"Ville La Rochelle - Espace d'\u00c9v\u00e9nements\",\"description\":\"Un espace \u00e9v\u00e9nementiel unique dans la campagne de S\u00e3o Paulo, alliant l'\u00e9l\u00e9gance et le charme des villages europ\u00e9ens \u00e0 la beaut\u00e9 naturelle et \u00e0 la simplicit\u00e9 de la campagne.\",\"potentialAction\":[{\"@type\":\"SearchAction\",\"target\":{\"@type\":\"EntryPoint\",\"urlTemplate\":\"https:\/\/villelarochelle.com\/?s={search_term_string}\"},\"query-input\":{\"@type\":\"PropertyValueSpecification\",\"valueRequired\":true,\"valueName\":\"search_term_string\"}}],\"inLanguage\":\"fr-FR\"}]}<\/script>\n<!-- \/ Yoast SEO Premium plugin. -->","yoast_head_json":{"title":"Chaise Paris - Ville La Rochelle - Espace d'\u00c9v\u00e9nements","robots":{"index":"index","follow":"follow","max-snippet":"max-snippet:-1","max-image-preview":"max-image-preview:large","max-video-preview":"max-video-preview:-1"},"canonical":"https:\/\/villelarochelle.com\/movel\/cadeira-paris\/","og_locale":"fr_FR","og_type":"article","og_title":"Chaise Paris","og_url":"https:\/\/villelarochelle.com\/movel\/cadeira-paris\/","og_site_name":"Ville La Rochelle - Espace d'\u00c9v\u00e9nements","article_modified_time":"2024-12-12T16:46:38+00:00","og_image":[{"width":453,"height":606,"url":"https:\/\/villelarochelle.com\/wp-content\/uploads\/2024\/12\/Captura-de-ecra-2021-05-26-as-16.42.50.png","type":"image\/png"}],"twitter_card":"summary_large_image","schema":{"@context":"https:\/\/schema.org","@graph":[{"@type":"WebPage","@id":"https:\/\/villelarochelle.com\/movel\/cadeira-paris\/","url":"https:\/\/villelarochelle.com\/movel\/cadeira-paris\/","name":"Chaise Paris - Ville La Rochelle - Espace d'\u00c9v\u00e9nements","isPartOf":{"@id":"https:\/\/villelarochelle.com\/#website"},"primaryImageOfPage":{"@id":"https:\/\/villelarochelle.com\/movel\/cadeira-paris\/#primaryimage"},"image":{"@id":"https:\/\/villelarochelle.com\/movel\/cadeira-paris\/#primaryimage"},"thumbnailUrl":"https:\/\/villelarochelle.com\/wp-content\/uploads\/2024\/12\/Captura-de-ecra-2021-05-26-as-16.42.50.png","datePublished":"2024-12-09T12:42:56+00:00","dateModified":"2024-12-12T16:46:38+00:00","breadcrumb":{"@id":"https:\/\/villelarochelle.com\/movel\/cadeira-paris\/#breadcrumb"},"inLanguage":"fr-FR","potentialAction":[{"@type":"ReadAction","target":["https:\/\/villelarochelle.com\/movel\/cadeira-paris\/"]}]},{"@type":"ImageObject","inLanguage":"fr-FR","@id":"https:\/\/villelarochelle.com\/movel\/cadeira-paris\/#primaryimage","url":"https:\/\/villelarochelle.com\/wp-content\/uploads\/2024\/12\/Captura-de-ecra-2021-05-26-as-16.42.50.png","contentUrl":"https:\/\/villelarochelle.com\/wp-content\/uploads\/2024\/12\/Captura-de-ecra-2021-05-26-as-16.42.50.png","width":453,"height":606},{"@type":"BreadcrumbList","@id":"https:\/\/villelarochelle.com\/movel\/cadeira-paris\/#breadcrumb","itemListElement":[{"@type":"ListItem","position":1,"name":"In\u00edcio","item":"https:\/\/villelarochelle.com\/fr\/"},{"@type":"ListItem","position":2,"name":"M\u00f3veis","item":"https:\/\/villelarochelle.com\/fr\/movel\/"},{"@type":"ListItem","position":3,"name":"Chaise Paris"}]},{"@type":"WebSite","@id":"https:\/\/villelarochelle.com\/#website","url":"https:\/\/villelarochelle.com\/","name":"Ville La Rochelle - Espace d'\u00c9v\u00e9nements","description":"Un espace \u00e9v\u00e9nementiel unique dans la campagne de S\u00e3o Paulo, alliant l'\u00e9l\u00e9gance et le charme des villages europ\u00e9ens \u00e0 la beaut\u00e9 naturelle et \u00e0 la simplicit\u00e9 de la campagne.","potentialAction":[{"@type":"SearchAction","target":{"@type":"EntryPoint","urlTemplate":"https:\/\/villelarochelle.com\/?s={search_term_string}"},"query-input":{"@type":"PropertyValueSpecification","valueRequired":true,"valueName":"search_term_string"}}],"inLanguage":"fr-FR"}]}},"_links":{"self":[{"href":"https:\/\/villelarochelle.com\/fr\/wp-json\/wp\/v2\/movel\/1979","targetHints":{"allow":["GET"]}}],"collection":[{"href":"https:\/\/villelarochelle.com\/fr\/wp-json\/wp\/v2\/movel"}],"about":[{"href":"https:\/\/villelarochelle.com\/fr\/wp-json\/wp\/v2\/types\/movel"}],"author":[{"embeddable":true,"href":"https:\/\/villelarochelle.com\/fr\/wp-json\/wp\/v2\/users\/2"}],"version-history":[{"count":1,"href":"https:\/\/villelarochelle.com\/fr\/wp-json\/wp\/v2\/movel\/1979\/revisions"}],"predecessor-version":[{"id":2366,"href":"https:\/\/villelarochelle.com\/fr\/wp-json\/wp\/v2\/movel\/1979\/revisions\/2366"}],"wp:featuredmedia":[{"embeddable":true,"href":"https:\/\/villelarochelle.com\/fr\/wp-json\/wp\/v2\/media\/1612"}],"wp:attachment":[{"href":"https:\/\/villelarochelle.com\/fr\/wp-json\/wp\/v2\/media?parent=1979"}],"wp:term":[{"taxonomy":"category","embeddable":true,"href":"https:\/\/villelarochelle.com\/fr\/wp-json\/wp\/v2\/categories?post=1979"},{"taxonomy":"post_tag","embeddable":true,"href":"https:\/\/villelarochelle.com\/fr\/wp-json\/wp\/v2\/tags?post=1979"},{"taxonomy":"wp_pattern_category","embeddable":true,"href":"https:\/\/villelarochelle.com\/fr\/wp-json\/wp\/v2\/wp_pattern_category?post=1979"}],"curies":[{"name":"wp","href":"https:\/\/api.w.org\/{rel}","templated":true}]}}

<!-- This site is optimized with the Yoast SEO Premium plugin v24.3 (Yoast SEO v25.5) - https://yoast.com/wordpress/plugins/seo/ -->
<title>Chaise Paris - Ville La Rochelle - Espace d&#039;Événements</title>
<meta name="robots" content="index, follow, max-snippet:-1, max-image-preview:large, max-video-preview:-1" />
<link rel="canonical" href="https://villelarochelle.com/movel/cadeira-paris/" />
<meta property="og:locale" content="fr_FR" />
<meta property="og:type" content="article" />
<meta property="og:title" content="Chaise Paris" />
<meta property="og:url" content="https://villelarochelle.com/movel/cadeira-paris/" />
<meta property="og:site_name" content="Ville La Rochelle - Espace d&#039;Événements" />
<meta property="article:modified_time" content="2024-12-12T16:46:38+00:00" />
<meta property="og:image" content="https://villelarochelle.com/wp-content/uploads/2024/12/Captura-de-ecra-2021-05-26-as-16.42.50.png" />
	<meta property="og:image:width" content="453" />
	<meta property="og:image:height" content="606" />
	<meta property="og:image:type" content="image/png" />
<meta name="twitter:card" content="summary_large_image" />
<script type="application/ld+json" class="yoast-schema-graph">{"@context":"https://schema.org","@graph":[{"@type":"WebPage","@id":"https://villelarochelle.com/movel/cadeira-paris/","url":"https://villelarochelle.com/movel/cadeira-paris/","name":"Chaise Paris - Ville La Rochelle - Espace d'Événements","isPartOf":{"@id":"https://villelarochelle.com/#website"},"primaryImageOfPage":{"@id":"https://villelarochelle.com/movel/cadeira-paris/#primaryimage"},"image":{"@id":"https://villelarochelle.com/movel/cadeira-paris/#primaryimage"},"thumbnailUrl":"https://villelarochelle.com/wp-content/uploads/2024/12/Captura-de-ecra-2021-05-26-as-16.42.50.png","datePublished":"2024-12-09T12:42:56+00:00","dateModified":"2024-12-12T16:46:38+00:00","breadcrumb":{"@id":"https://villelarochelle.com/movel/cadeira-paris/#breadcrumb"},"inLanguage":"fr-FR","potentialAction":[{"@type":"ReadAction","target":["https://villelarochelle.com/movel/cadeira-paris/"]}]},{"@type":"ImageObject","inLanguage":"fr-FR","@id":"https://villelarochelle.com/movel/cadeira-paris/#primaryimage","url":"https://villelarochelle.com/wp-content/uploads/2024/12/Captura-de-ecra-2021-05-26-as-16.42.50.png","contentUrl":"https://villelarochelle.com/wp-content/uploads/2024/12/Captura-de-ecra-2021-05-26-as-16.42.50.png","width":453,"height":606},{"@type":"BreadcrumbList","@id":"https://villelarochelle.com/movel/cadeira-paris/#breadcrumb","itemListElement":[{"@type":"ListItem","position":1,"name":"Início","item":"https://villelarochelle.com/fr/"},{"@type":"ListItem","position":2,"name":"Móveis","item":"https://villelarochelle.com/fr/movel/"},{"@type":"ListItem","position":3,"name":"Chaise Paris"}]},{"@type":"WebSite","@id":"https://villelarochelle.com/#website","url":"https://villelarochelle.com/","name":"Ville La Rochelle - Espace d'Événements","description":"Un espace événementiel unique dans la campagne de São Paulo, alliant l'élégance et le charme des villages européens à la beauté naturelle et à la simplicité de la campagne.","potentialAction":[{"@type":"SearchAction","target":{"@type":"EntryPoint","urlTemplate":"https://villelarochelle.com/?s={search_term_string}"},"query-input":{"@type":"PropertyValueSpecification","valueRequired":true,"valueName":"search_term_string"}}],"inLanguage":"fr-FR"}]}</script>
<!-- / Yoast SEO Premium plugin. -->

Chaise Paris - Ville La Rochelle - Espace d'Événements

Ville La Rochelle - Espace d'Événements

Início

Móveis

Un espace événementiel unique dans la campagne de São Paulo, alliant l'élégance et le charme des villages européens à la beauté naturelle et à la simplicité de la campagne.
